{"id":847,"date":"2017-02-24T10:05:16","date_gmt":"2017-02-24T10:05:16","guid":{"rendered":"http:\/\/bouassida-associates.com\/?page_id=847"},"modified":"2017-04-20T17:38:32","modified_gmt":"2017-04-20T17:38:32","slug":"comptabilite-analytique","status":"publish","type":"page","link":"http:\/\/bouassida-associates.com\/?page_id=847","title":{"rendered":"Comptabilit\u00e9 Analytique"},"content":{"rendered":"<div class=\"vc_row wpb_row row\">\n\t<div class=\"vc_col-sm-12 wpb_column vc_column_container\">\n\t\t<div class=\"wpb_wrapper\">\n\t\t\t<div class=\"clearfix\" style=\"height: 40px\"><\/div>\n\t\t<\/div> \n\t<\/div> \n<\/div><div class=\"vc_row wpb_row row\">\n\t<div class=\"vc_col-sm-12 wpb_column vc_column_container\">\n\t\t<div class=\"wpb_wrapper\">\n\t\t\t\n\t<h3 class=\"portfolio-normal-heading\">Nos Services en Comptabilit\u00e9 Analytique<\/h3><div class=\"portfolio-box with-3-col\">\n\t<div class=\"portfolio-container\"><div class=\"work-post cae \">\n\t\t\t\t\t\t\t<div class=\"work-post-gal\"><img src=\"http:\/\/bouassida-associates.com\/wp-content\/uploads\/2014\/01\/axes.jpg\" class=\"attachment-slideshow size-slideshow wp-post-image\" alt=\"\" decoding=\"async\" loading=\"lazy\" srcset=\"http:\/\/bouassida-associates.com\/wp-content\/uploads\/2014\/01\/axes.jpg 605w, http:\/\/bouassida-associates.com\/wp-content\/uploads\/2014\/01\/axes-450x234.jpg 450w, http:\/\/bouassida-associates.com\/wp-content\/uploads\/2014\/01\/axes-200x104.jpg 200w, http:\/\/bouassida-associates.com\/wp-content\/uploads\/2014\/01\/axes-250x130.jpg 250w, http:\/\/bouassida-associates.com\/wp-content\/uploads\/2014\/01\/axes-512x267.jpg 512w\" sizes=\"(max-width: 605px) 100vw, 605px\" \/><div class=\"hover-box\">\n\t\t\t\t\t\t\t\t\t<a class=\"zoom\" href=\"http:\/\/bouassida-associates.com\/wp-content\/uploads\/2014\/01\/axes.jpg\"><\/a>\n\t\t\t\t\t\t\t\t\t<a class=\"page\" href=\"http:\/\/bouassida-associates.com\/?tmq-portfolio=project-3\"><\/a>\n\t\t\t\t\t\t\t\t<\/div>\n\t\t\t\t\t\t\t<\/div>\n\t\t\t\t\t\t\t<div class=\"work-post-content\">\n\t\t\t\t\t\t\t\t<h2>Calcul &#038; analyse de la rentabilit\u00e9<\/h2>\n\t\t\t\t\t\t\t\t<span>Comptabilit\u00e9 Analytique <\/span>\n\t\t\t\t\t\t\t<\/div>\n\t\t\t\t\t\t<\/div><div class=\"work-post cae \">\n\t\t\t\t\t\t\t<div class=\"work-post-gal\"><img src=\"http:\/\/bouassida-associates.com\/wp-content\/uploads\/2014\/01\/HHH-700x420.png\" class=\"attachment-slideshow size-slideshow wp-post-image\" alt=\"\" decoding=\"async\" loading=\"lazy\" \/><div class=\"hover-box\">\n\t\t\t\t\t\t\t\t\t<a class=\"zoom\" href=\"http:\/\/bouassida-associates.com\/wp-content\/uploads\/2014\/01\/HHH-700x388.png\"><\/a>\n\t\t\t\t\t\t\t\t\t<a class=\"page\" href=\"http:\/\/bouassida-associates.com\/?tmq-portfolio=project-6\"><\/a>\n\t\t\t\t\t\t\t\t<\/div>\n\t\t\t\t\t\t\t<\/div>\n\t\t\t\t\t\t\t<div class=\"work-post-content\">\n\t\t\t\t\t\t\t\t<h2>MEP de Syst\u00e8me analytique<\/h2>\n\t\t\t\t\t\t\t\t<span>Comptabilit\u00e9 Analytique <\/span>\n\t\t\t\t\t\t\t<\/div>\n\t\t\t\t\t\t<\/div><div class=\"work-post cae \">\n\t\t\t\t\t\t\t<div class=\"work-post-gal\"><img src=\"http:\/\/bouassida-associates.com\/wp-content\/uploads\/2017\/04\/cost-management-700x466-700x420.jpg\" class=\"attachment-slideshow size-slideshow wp-post-image\" alt=\"\" decoding=\"async\" loading=\"lazy\" \/><div class=\"hover-box\">\n\t\t\t\t\t\t\t\t\t<a class=\"zoom\" href=\"http:\/\/bouassida-associates.com\/wp-content\/uploads\/2017\/04\/cost-management-700x466-700x466.jpg\"><\/a>\n\t\t\t\t\t\t\t\t\t<a class=\"page\" href=\"http:\/\/bouassida-associates.com\/?tmq-portfolio=optimisation-des-couts-cost-killing\"><\/a>\n\t\t\t\t\t\t\t\t<\/div>\n\t\t\t\t\t\t\t<\/div>\n\t\t\t\t\t\t\t<div class=\"work-post-content\">\n\t\t\t\t\t\t\t\t<h2>Optimisation des co\u00fbts: Cost Killing<\/h2>\n\t\t\t\t\t\t\t\t<span>Comptabilit\u00e9 Analytique <\/span>\n\t\t\t\t\t\t\t<\/div>\n\t\t\t\t\t\t<\/div><div class=\"work-post cae \">\n\t\t\t\t\t\t\t<div class=\"work-post-gal\"><img src=\"http:\/\/bouassida-associates.com\/wp-content\/uploads\/2017\/04\/Face-a-l-incertitude-Boule-de-cristal-ou-nouveaux-process_knowledge_standard-700x394-700x394.jpg\" class=\"attachment-slideshow size-slideshow wp-post-image\" alt=\"\" decoding=\"async\" loading=\"lazy\" srcset=\"http:\/\/bouassida-associates.com\/wp-content\/uploads\/2017\/04\/Face-a-l-incertitude-Boule-de-cristal-ou-nouveaux-process_knowledge_standard-700x394.jpg 700w, http:\/\/bouassida-associates.com\/wp-content\/uploads\/2017\/04\/Face-a-l-incertitude-Boule-de-cristal-ou-nouveaux-process_knowledge_standard-700x394-450x253.jpg 450w, http:\/\/bouassida-associates.com\/wp-content\/uploads\/2017\/04\/Face-a-l-incertitude-Boule-de-cristal-ou-nouveaux-process_knowledge_standard-700x394-200x113.jpg 200w, http:\/\/bouassida-associates.com\/wp-content\/uploads\/2017\/04\/Face-a-l-incertitude-Boule-de-cristal-ou-nouveaux-process_knowledge_standard-700x394-250x141.jpg 250w, http:\/\/bouassida-associates.com\/wp-content\/uploads\/2017\/04\/Face-a-l-incertitude-Boule-de-cristal-ou-nouveaux-process_knowledge_standard-700x394-512x288.jpg 512w\" sizes=\"(max-width: 700px) 100vw, 700px\" \/><div class=\"hover-box\">\n\t\t\t\t\t\t\t\t\t<a class=\"zoom\" href=\"http:\/\/bouassida-associates.com\/wp-content\/uploads\/2017\/04\/Face-a-l-incertitude-Boule-de-cristal-ou-nouveaux-process_knowledge_standard-700x394-700x394.jpg\"><\/a>\n\t\t\t\t\t\t\t\t\t<a class=\"page\" href=\"http:\/\/bouassida-associates.com\/?tmq-portfolio=analyse-predictive-de-la-rentabilite\"><\/a>\n\t\t\t\t\t\t\t\t<\/div>\n\t\t\t\t\t\t\t<\/div>\n\t\t\t\t\t\t\t<div class=\"work-post-content\">\n\t\t\t\t\t\t\t\t<h2>Analyse pr\u00e9dictive de la rentabilit\u00e9<\/h2>\n\t\t\t\t\t\t\t\t<span>Comptabilit\u00e9 Analytique <\/span>\n\t\t\t\t\t\t\t<\/div>\n\t\t\t\t\t\t<\/div><div class=\"work-post cae \">\n\t\t\t\t\t\t\t<div class=\"work-post-gal\"><img src=\"http:\/\/bouassida-associates.com\/wp-content\/uploads\/2017\/04\/Fotolia_50823018_L-700x420.jpg\" class=\"attachment-slideshow size-slideshow wp-post-image\" alt=\"\" decoding=\"async\" loading=\"lazy\" \/><div class=\"hover-box\">\n\t\t\t\t\t\t\t\t\t<a class=\"zoom\" href=\"http:\/\/bouassida-associates.com\/wp-content\/uploads\/2017\/04\/Fotolia_50823018_L-700x700.jpg\"><\/a>\n\t\t\t\t\t\t\t\t\t<a class=\"page\" href=\"http:\/\/bouassida-associates.com\/?tmq-portfolio=mise-en-place-de-systeme-budgetaire\"><\/a>\n\t\t\t\t\t\t\t\t<\/div>\n\t\t\t\t\t\t\t<\/div>\n\t\t\t\t\t\t\t<div class=\"work-post-content\">\n\t\t\t\t\t\t\t\t<h2>Mise en place de Syst\u00e8me budg\u00e9taire<\/h2>\n\t\t\t\t\t\t\t\t<span>Comptabilit\u00e9 Analytique <\/span>\n\t\t\t\t\t\t\t<\/div>\n\t\t\t\t\t\t<\/div><div class=\"work-post cae \">\n\t\t\t\t\t\t\t<div class=\"work-post-gal\"><img src=\"http:\/\/bouassida-associates.com\/wp-content\/uploads\/2017\/04\/Data-700x466-700x420.jpg\" class=\"attachment-slideshow size-slideshow wp-post-image\" alt=\"\" decoding=\"async\" loading=\"lazy\" \/><div class=\"hover-box\">\n\t\t\t\t\t\t\t\t\t<a class=\"zoom\" href=\"http:\/\/bouassida-associates.com\/wp-content\/uploads\/2017\/04\/Data-700x466-700x466.jpg\"><\/a>\n\t\t\t\t\t\t\t\t\t<a class=\"page\" href=\"http:\/\/bouassida-associates.com\/?tmq-portfolio=integration-des-solutions-analytiques\"><\/a>\n\t\t\t\t\t\t\t\t<\/div>\n\t\t\t\t\t\t\t<\/div>\n\t\t\t\t\t\t\t<div class=\"work-post-content\">\n\t\t\t\t\t\t\t\t<h2>Int\u00e9gration des Solutions Analytiques<\/h2>\n\t\t\t\t\t\t\t\t<span>Comptabilit\u00e9 Analytique <\/span>\n\t\t\t\t\t\t\t<\/div>\n\t\t\t\t\t\t<\/div><div class=\"work-post cae \">\n\t\t\t\t\t\t\t<div class=\"work-post-gal\"><img src=\"http:\/\/bouassida-associates.com\/wp-content\/uploads\/2017\/04\/8.-4-Interventions-d-internet-dans-votre-etude-de-marche-et-leur-utilite-700x420.jpg\" class=\"attachment-slideshow size-slideshow wp-post-image\" alt=\"\" decoding=\"async\" loading=\"lazy\" \/><div class=\"hover-box\">\n\t\t\t\t\t\t\t\t\t<a class=\"zoom\" href=\"http:\/\/bouassida-associates.com\/wp-content\/uploads\/2017\/04\/8.-4-Interventions-d-internet-dans-votre-etude-de-marche-et-leur-utilite-700x467.jpg\"><\/a>\n\t\t\t\t\t\t\t\t\t<a class=\"page\" href=\"http:\/\/bouassida-associates.com\/?tmq-portfolio=mise-en-place-des-tableaux-de-bord\"><\/a>\n\t\t\t\t\t\t\t\t<\/div>\n\t\t\t\t\t\t\t<\/div>\n\t\t\t\t\t\t\t<div class=\"work-post-content\">\n\t\t\t\t\t\t\t\t<h2>Mise en place des Tableaux de bord<\/h2>\n\t\t\t\t\t\t\t\t<span>Comptabilit\u00e9 Analytique <\/span>\n\t\t\t\t\t\t\t<\/div>\n\t\t\t\t\t\t<\/div><div class=\"work-post cae \">\n\t\t\t\t\t\t\t<div class=\"work-post-gal\"><img src=\"http:\/\/bouassida-associates.com\/wp-content\/uploads\/2017\/04\/slide-formation-700x420.jpg\" class=\"attachment-slideshow size-slideshow wp-post-image\" alt=\"\" decoding=\"async\" loading=\"lazy\" \/><div class=\"hover-box\">\n\t\t\t\t\t\t\t\t\t<a class=\"zoom\" href=\"http:\/\/bouassida-associates.com\/wp-content\/uploads\/2017\/04\/slide-formation-700x402.jpg\"><\/a>\n\t\t\t\t\t\t\t\t\t<a class=\"page\" href=\"http:\/\/bouassida-associates.com\/?tmq-portfolio=formation\"><\/a>\n\t\t\t\t\t\t\t\t<\/div>\n\t\t\t\t\t\t\t<\/div>\n\t\t\t\t\t\t\t<div class=\"work-post-content\">\n\t\t\t\t\t\t\t\t<h2>Formation<\/h2>\n\t\t\t\t\t\t\t\t<span>Comptabilit\u00e9 Analytique <\/span>\n\t\t\t\t\t\t\t<\/div>\n\t\t\t\t\t\t<\/div><div class=\"work-post cae \">\n\t\t\t\t\t\t\t<div class=\"work-post-gal\"><img src=\"http:\/\/bouassida-associates.com\/wp-content\/uploads\/2017\/04\/Sans-titre-700x420.png\" class=\"attachment-slideshow size-slideshow wp-post-image\" alt=\"\" decoding=\"async\" loading=\"lazy\" \/><div class=\"hover-box\">\n\t\t\t\t\t\t\t\t\t<a class=\"zoom\" href=\"http:\/\/bouassida-associates.com\/wp-content\/uploads\/2017\/04\/Sans-titre-700x462.png\"><\/a>\n\t\t\t\t\t\t\t\t\t<a class=\"page\" href=\"http:\/\/bouassida-associates.com\/?tmq-portfolio=pricing\"><\/a>\n\t\t\t\t\t\t\t\t<\/div>\n\t\t\t\t\t\t\t<\/div>\n\t\t\t\t\t\t\t<div class=\"work-post-content\">\n\t\t\t\t\t\t\t\t<h2>Pricing<\/h2>\n\t\t\t\t\t\t\t\t<span>Comptabilit\u00e9 Analytique <\/span>\n\t\t\t\t\t\t\t<\/div>\n\t\t\t\t\t\t<\/div>\n\t<\/div><!--Close Container-->\n\t<\/div><!--Close All-->\n\t\t<\/div> \n\t<\/div> \n<\/div><div class=\"vc_row wpb_row row\">\n\t<div class=\"vc_col-sm-12 wpb_column vc_column_container\">\n\t\t<div class=\"wpb_wrapper\">\n\t\t\t<div class=\"clearfix\" style=\"height: 10px\"><\/div>\n\t\t<\/div> \n\t<\/div> \n<\/div><div class=\"vc_row wpb_row row\">\n\t<div class=\"vc_col-sm-12 wpb_column vc_column_container\">\n\t\t<div class=\"wpb_wrapper\">\n\t\t\t\n\t<div class=\"wpb_text_column wpb_content_element \">\n\t\t<div class=\"wpb_wrapper\">\n\t\t\t<p>Gr\u00e2ce \u00e0 notre \u00e9quipe hautement qualifi\u00e9e et exp\u00e9riment\u00e9e et ses partenaires strat\u00e9giques en mati\u00e8re de conseil et de solutions informatiques, Cost &amp; Performance est le leader tunisien dans la mise en place de solutions \u00ab Cl\u00e9-en-Main\u00bb en mati\u00e8re syst\u00e8me de calcul des co\u00fbts analytiques.<\/p>\n<p><strong>Notre mission :<\/strong><\/p>\n<p>&#8211; Aider \u00e0 prendre une meilleure d\u00e9cision et par cons\u00e9quent \u00e0 \u00eatre plus comp\u00e9titif et plus rentable<br \/>\n&#8211; Vous accompagner \u00e0 la mise en place de syst\u00e8me de calcul et d\u2019analyse de la performance et de la rentabilit\u00e9 de votre entreprise \u00e0 travers une approche innovante qui tient compte de la sp\u00e9cificit\u00e9 de votre activit\u00e9 et vos attentes et qui assure un suivi et un accompagnement post d\u00e9marrage du syst\u00e8me et ce, gr\u00e2ce \u00e0 une \u00e9quipe sp\u00e9cialis\u00e9e exclusivement en business Performance management alli\u00e9e \u00e0 des partenaires renomm\u00e9s.<\/p>\n<p><strong>Nos Atouts :<\/strong><\/p>\n<p>&#8211; Solution cl\u00e9 en main optimis\u00e9e adapt\u00e9e \u00e0 l\u2019\u00e9volution des m\u00e9tiers de l\u2019entreprise<br \/>\n&#8211; Service innovant unique dans le march\u00e9<br \/>\n&#8211; Des consultants qualifi\u00e9s &amp; pluridisciplinaires<br \/>\n&#8211; Savoir-faire, Expertise analytique &amp; technique approuv\u00e9e et des valeurs ajout\u00e9es<br \/>\n&#8211; Un Retour sur investissement important et tr\u00e8s rapide<br \/>\n&#8211; D\u00e9lais record de livraison (six semaine hors d\u00e9lai interne du client quelque soit l\u2019activit\u00e9).<\/p>\n\n\t\t<\/div> \n\t<\/div> \n\t\t<\/div> \n\t<\/div> \n<\/div><div class=\"vc_row wpb_row row\">\n\t<div class=\"vc_col-sm-12 wpb_column vc_column_container\">\n\t\t<div class=\"wpb_wrapper\">\n\t\t\t<div class=\"clearfix\" style=\"height: 40px\"><\/div>\n\t\t<\/div> \n\t<\/div> \n<\/div>\n","protected":false},"excerpt":{"rendered":"Plusieurs entreprises n\u2019arrivent pas \u00e0 fixer des prix comp\u00e9titifs pour p\u00e9n\u00e9trer \u00e0 des nouveaux march\u00e9s ou pour augmenter leur part de march\u00e9. Suite \u00e0 une analyse approfondie de leur rentabilit\u00e9 notamment la dimension (Co\u00fbt fixe \u2013 Co\u00fbt variable), ces entreprises r\u00e9ussissent \u00e0 g\u00e9n\u00e9ralement \u00e0 arr\u00eater une politique de prix de ces nouveaux cibles commerciaux qui [...]","protected":false},"author":1,"featured_media":0,"parent":0,"menu_order":0,"comment_status":"closed","ping_status":"closed","template":"","meta":[],"_links":{"self":[{"href":"http:\/\/bouassida-associates.com\/index.php?rest_route=\/wp\/v2\/pages\/847"}],"collection":[{"href":"http:\/\/bouassida-associates.com\/index.php?rest_route=\/wp\/v2\/pages"}],"about":[{"href":"http:\/\/bouassida-associates.com\/index.php?rest_route=\/wp\/v2\/types\/page"}],"author":[{"embeddable":true,"href":"http:\/\/bouassida-associates.com\/index.php?rest_route=\/wp\/v2\/users\/1"}],"replies":[{"embeddable":true,"href":"http:\/\/bouassida-associates.com\/index.php?rest_route=%2Fwp%2Fv2%2Fcomments&post=847"}],"version-history":[{"count":10,"href":"http:\/\/bouassida-associates.com\/index.php?rest_route=\/wp\/v2\/pages\/847\/revisions"}],"predecessor-version":[{"id":903,"href":"http:\/\/bouassida-associates.com\/index.php?rest_route=\/wp\/v2\/pages\/847\/revisions\/903"}],"wp:attachment":[{"href":"http:\/\/bouassida-associates.com\/index.php?rest_route=%2Fwp%2Fv2%2Fmedia&parent=847"}],"curies":[{"name":"wp","href":"https:\/\/api.w.org\/{rel}","templated":true}]}}