{"id":926,"date":"2017-04-21T11:15:12","date_gmt":"2017-04-21T11:15:12","guid":{"rendered":"http:\/\/bouassida-associates.com\/?page_id=926"},"modified":"2017-04-24T09:13:33","modified_gmt":"2017-04-24T09:13:33","slug":"partenaires","status":"publish","type":"page","link":"http:\/\/bouassida-associates.com\/?page_id=926","title":{"rendered":"Partenaires"},"content":{"rendered":"<div class=\"vc_row wpb_row row\">\n\t<div class=\"vc_col-sm-12 wpb_column vc_column_container\">\n\t\t<div class=\"wpb_wrapper\">\n\t\t\t<div class=\"clearfix\" style=\"height: 40px\"><\/div>\n\t\t<\/div> \n\t<\/div> \n<\/div><div class=\"vc_row wpb_row row\">\n\t<div class=\"vc_col-sm-12 wpb_column vc_column_container\">\n\t\t<div class=\"wpb_wrapper\">\n\t\t\t\n\t<div class=\"wpb_text_column wpb_content_element \">\n\t\t<div class=\"wpb_wrapper\">\n\t\t\t<p>Afin de concevoir et mettre en place une solution unique pour votre entreprise, <strong>Bouassida &amp; Associes<\/strong>\u00a0a nou\u00e9 des partenariats avec des soci\u00e9t\u00e9s renomm\u00e9es en mati\u00e8re de conseil et de pilotage des performances.<\/p>\n\n\t\t<\/div> \n\t<\/div> \n\t\t<\/div> \n\t<\/div> \n<\/div><div class=\"vc_row wpb_row row\">\n\t<div class=\"vc_col-sm-12 wpb_column vc_column_container\">\n\t\t<div class=\"wpb_wrapper\">\n\t\t\t<hr>\n\t\t<\/div> \n\t<\/div> \n<\/div><div class=\"vc_row wpb_row row\">\n\t<div class=\"vc_col-sm-12 wpb_column vc_column_container\">\n\t\t<div class=\"wpb_wrapper\">\n\t\t\t<div class=\"clearfix\" style=\"height: 20px\"><\/div>\n\t\t<\/div> \n\t<\/div> \n<\/div><div class=\"vc_row wpb_row row\">\n\t<div class=\"vc_col-sm-6 wpb_column vc_column_container\">\n\t\t<div class=\"wpb_wrapper\">\n\t\t\t\n\t<div class=\"wpb_single_image wpb_content_element vc_align_center\">\n\t\t<div class=\"wpb_wrapper\">\n\t\t\t\n\t\t\t<a href=\"https:\/\/www.tableau.com\/fr-fr\" target=\"_blank\"><img width=\"300\" height=\"195\" src=\"http:\/\/bouassida-associates.com\/wp-content\/uploads\/2014\/01\/Tableau-Software-logo-450x292.png\" class=\" vc_box_border_grey attachment-medium\" alt=\"\" decoding=\"async\" loading=\"lazy\" srcset=\"http:\/\/bouassida-associates.com\/wp-content\/uploads\/2014\/01\/Tableau-Software-logo-450x292.png 450w, http:\/\/bouassida-associates.com\/wp-content\/uploads\/2014\/01\/Tableau-Software-logo-200x130.png 200w, http:\/\/bouassida-associates.com\/wp-content\/uploads\/2014\/01\/Tableau-Software-logo-250x162.png 250w, http:\/\/bouassida-associates.com\/wp-content\/uploads\/2014\/01\/Tableau-Software-logo-512x332.png 512w, http:\/\/bouassida-associates.com\/wp-content\/uploads\/2014\/01\/Tableau-Software-logo.png 633w\" sizes=\"(max-width: 300px) 100vw, 300px\" \/><\/a>\n\t\t<\/div> \n\t<\/div> \n\t\t<\/div> \n\t<\/div> \n\n\t<div class=\"vc_col-sm-6 wpb_column vc_column_container\">\n\t\t<div class=\"wpb_wrapper\">\n\t\t\t\n\t<div class=\"wpb_text_column wpb_content_element \">\n\t\t<div class=\"wpb_wrapper\">\n\t\t\t<p>Tableau Software, leader mondial en logiciels d\u2019analyse d\u2019entreprise rapides et simples \u00e0 utiliser.<br \/>\nConsid\u00e9r\u00e9e par Gartner comme l\u2019entreprise d\u2019informatique d\u00e9cisionnelle qui conna\u00eet la plus forte croissance au monde en 2015, Tableau permet d\u2019analyser, visualiser et partager des informations de mani\u00e8re simple et rapide.<br \/>\nAvec plus de 15000 clients \u00e0 travers le monde de taille et de secteurs d\u2019activit\u00e9 les plus vari\u00e9s.<\/p>\n\n\t\t<\/div> \n\t<\/div> \n\t\t<\/div> \n\t<\/div> \n<\/div><div class=\"vc_row wpb_row row\">\n\t<div class=\"vc_col-sm-12 wpb_column vc_column_container\">\n\t\t<div class=\"wpb_wrapper\">\n\t\t\t<div class=\"clearfix\" style=\"height: 20px\"><\/div>\n\t\t<\/div> \n\t<\/div> \n<\/div><div class=\"vc_row wpb_row row\">\n\t<div class=\"vc_col-sm-12 wpb_column vc_column_container\">\n\t\t<div class=\"wpb_wrapper\">\n\t\t\t<hr>\n\t\t<\/div> \n\t<\/div> \n<\/div><div class=\"vc_row wpb_row row\">\n\t<div class=\"vc_col-sm-12 wpb_column vc_column_container\">\n\t\t<div class=\"wpb_wrapper\">\n\t\t\t<div class=\"clearfix\" style=\"height: 20px\"><\/div>\n\t\t<\/div> \n\t<\/div> \n<\/div><div class=\"vc_row wpb_row row\">\n\t<div class=\"vc_col-sm-6 wpb_column vc_column_container\">\n\t\t<div class=\"wpb_wrapper\">\n\t\t\t\n\t<div class=\"wpb_text_column wpb_content_element \">\n\t\t<div class=\"wpb_wrapper\">\n\t\t\t<p>Soci\u00e9t\u00e9 sp\u00e9cialis\u00e9e dans la mise en place de solutions automatis\u00e9es de Reporting d\u00e9cisionnel et dans l\u2019assistance des entreprises au pilotage des performances.<br \/>\nOptimal Decision dispose d\u2019un savoir-faire unique et d\u2019un p\u00f4le de sp\u00e9cialistes qui combine la connaissance fine des probl\u00e9matiques m\u00e9tiers, une v\u00e9ritable expertise dans la manipulation et la visualisation des donn\u00e9es, et la mise \u00e0 disposition d\u2019outils extr\u00eamement performants.<\/p>\n\n\t\t<\/div> \n\t<\/div> \n\t\t<\/div> \n\t<\/div> \n\n\t<div class=\"vc_col-sm-6 wpb_column vc_column_container\">\n\t\t<div class=\"wpb_wrapper\">\n\t\t\t\n\t<div class=\"wpb_single_image wpb_content_element vc_align_center\">\n\t\t<div class=\"wpb_wrapper\">\n\t\t\t\n\t\t\t<a href=\"http:\/\/www.optimal-decision.com\" target=\"_blank\"><img width=\"300\" height=\"167\" src=\"http:\/\/bouassida-associates.com\/wp-content\/uploads\/2014\/01\/OPD-LOGO-450x250.png\" class=\" vc_box_border_grey attachment-medium\" alt=\"\" decoding=\"async\" loading=\"lazy\" srcset=\"http:\/\/bouassida-associates.com\/wp-content\/uploads\/2014\/01\/OPD-LOGO-450x250.png 450w, http:\/\/bouassida-associates.com\/wp-content\/uploads\/2014\/01\/OPD-LOGO-200x111.png 200w, http:\/\/bouassida-associates.com\/wp-content\/uploads\/2014\/01\/OPD-LOGO-250x139.png 250w, http:\/\/bouassida-associates.com\/wp-content\/uploads\/2014\/01\/OPD-LOGO-512x284.png 512w, http:\/\/bouassida-associates.com\/wp-content\/uploads\/2014\/01\/OPD-LOGO.png 668w\" sizes=\"(max-width: 300px) 100vw, 300px\" \/><\/a>\n\t\t<\/div> \n\t<\/div> \n\t\t<\/div> \n\t<\/div> \n<\/div><div class=\"vc_row wpb_row row\">\n\t<div class=\"vc_col-sm-12 wpb_column vc_column_container\">\n\t\t<div class=\"wpb_wrapper\">\n\t\t\t<div class=\"clearfix\" style=\"height: 20px\"><\/div>\n\t\t<\/div> \n\t<\/div> \n<\/div><div class=\"vc_row wpb_row row\">\n\t<div class=\"vc_col-sm-12 wpb_column vc_column_container\">\n\t\t<div class=\"wpb_wrapper\">\n\t\t\t<hr>\n\t\t<\/div> \n\t<\/div> \n<\/div><div class=\"vc_row wpb_row row\">\n\t<div class=\"vc_col-sm-12 wpb_column vc_column_container\">\n\t\t<div class=\"wpb_wrapper\">\n\t\t\t<div class=\"clearfix\" style=\"height: 20px\"><\/div>\n\t\t<\/div> \n\t<\/div> \n<\/div><div class=\"vc_row wpb_row row\">\n\t<div class=\"vc_col-sm-6 wpb_column vc_column_container\">\n\t\t<div class=\"wpb_wrapper\">\n\t\t\t\n\t<div class=\"wpb_single_image wpb_content_element vc_align_center\">\n\t\t<div class=\"wpb_wrapper\">\n\t\t\t\n\t\t\t<a href=\"https:\/\/www.costperform.com\/\" target=\"_blank\"><img width=\"300\" height=\"76\" src=\"http:\/\/bouassida-associates.com\/wp-content\/uploads\/2014\/01\/logo2.png\" class=\" vc_box_border_grey attachment-medium\" alt=\"\" decoding=\"async\" loading=\"lazy\" srcset=\"http:\/\/bouassida-associates.com\/wp-content\/uploads\/2014\/01\/logo2.png 358w, http:\/\/bouassida-associates.com\/wp-content\/uploads\/2014\/01\/logo2-200x51.png 200w, http:\/\/bouassida-associates.com\/wp-content\/uploads\/2014\/01\/logo2-250x64.png 250w\" sizes=\"(max-width: 300px) 100vw, 300px\" \/><\/a>\n\t\t<\/div> \n\t<\/div> \n\t\t<\/div> \n\t<\/div> \n\n\t<div class=\"vc_col-sm-6 wpb_column vc_column_container\">\n\t\t<div class=\"wpb_wrapper\">\n\t\t\t\n\t<div class=\"wpb_text_column wpb_content_element \">\n\t\t<div class=\"wpb_wrapper\">\n\t\t\t<p>Leader mondial en mati\u00e8re de solutions de comptabilit\u00e9 analytique et d\u2019analyse des performances.<\/p>\n\n\t\t<\/div> \n\t<\/div> \n\t\t<\/div> \n\t<\/div> \n<\/div><div class=\"vc_row wpb_row row\">\n\t<div class=\"vc_col-sm-12 wpb_column vc_column_container\">\n\t\t<div class=\"wpb_wrapper\">\n\t\t\t<div class=\"clearfix\" style=\"height: 20px\"><\/div>\n\t\t<\/div> \n\t<\/div> \n<\/div><div class=\"vc_row wpb_row row\">\n\t<div class=\"vc_col-sm-12 wpb_column vc_column_container\">\n\t\t<div class=\"wpb_wrapper\">\n\t\t\t<hr>\n\t\t<\/div> \n\t<\/div> \n<\/div><div class=\"vc_row wpb_row row\">\n\t<div class=\"vc_col-sm-12 wpb_column vc_column_container\">\n\t\t<div class=\"wpb_wrapper\">\n\t\t\t<div class=\"clearfix\" style=\"height: 20px\"><\/div>\n\t\t<\/div> \n\t<\/div> \n<\/div><div class=\"vc_row wpb_row row\">\n\t<div class=\"vc_col-sm-6 wpb_column vc_column_container\">\n\t\t<div class=\"wpb_wrapper\">\n\t\t\t\n\t<div class=\"wpb_text_column wpb_content_element \">\n\t\t<div class=\"wpb_wrapper\">\n\t\t\t<p>Soci\u00e9t\u00e9 sp\u00e9cialis\u00e9e dans la mise en place des syst\u00e8mes de comptabilit\u00e9 analytique et d\u2019aide \u00e0 la d\u00e9cision.<br \/>\nGr\u00e2ce \u00e0 son \u00e9quipe hautement qualifi\u00e9e et exp\u00e9riment\u00e9e et ses partenaires strat\u00e9giques en mati\u00e8re de conseil et de solutions informatiques, Cost &amp; Performance est le leader tunisien dans la mise en place de solutions \u00ab Cl\u00e9-en-Main\u00bb en mati\u00e8re syst\u00e8me de calcul des co\u00fbts analytiques.<\/p>\n\n\t\t<\/div> \n\t<\/div> \n\t\t<\/div> \n\t<\/div> \n\n\t<div class=\"vc_col-sm-6 wpb_column vc_column_container\">\n\t\t<div class=\"wpb_wrapper\">\n\t\t\t\n\t<div class=\"wpb_single_image wpb_content_element vc_align_center\">\n\t\t<div class=\"wpb_wrapper\">\n\t\t\t\n\t\t\t<a href=\"http:\/\/www.cost-performance.com\" target=\"_blank\"><img width=\"300\" height=\"152\" src=\"http:\/\/bouassida-associates.com\/wp-content\/uploads\/2017\/04\/logo-450x228.png\" class=\" vc_box_border_grey attachment-medium\" alt=\"\" decoding=\"async\" loading=\"lazy\" srcset=\"http:\/\/bouassida-associates.com\/wp-content\/uploads\/2017\/04\/logo-450x228.png 450w, http:\/\/bouassida-associates.com\/wp-content\/uploads\/2017\/04\/logo-768x390.png 768w, http:\/\/bouassida-associates.com\/wp-content\/uploads\/2017\/04\/logo-700x355.png 700w, http:\/\/bouassida-associates.com\/wp-content\/uploads\/2017\/04\/logo-200x101.png 200w, http:\/\/bouassida-associates.com\/wp-content\/uploads\/2017\/04\/logo-250x127.png 250w, http:\/\/bouassida-associates.com\/wp-content\/uploads\/2017\/04\/logo-512x260.png 512w, http:\/\/bouassida-associates.com\/wp-content\/uploads\/2017\/04\/logo.png 869w\" sizes=\"(max-width: 300px) 100vw, 300px\" \/><\/a>\n\t\t<\/div> \n\t<\/div> \n\t\t<\/div> \n\t<\/div> \n<\/div><div class=\"vc_row wpb_row row\">\n\t<div class=\"vc_col-sm-12 wpb_column vc_column_container\">\n\t\t<div class=\"wpb_wrapper\">\n\t\t\t<div class=\"clearfix\" style=\"height: 80px\"><\/div>\n\t\t<\/div> \n\t<\/div> \n<\/div>\n","protected":false},"excerpt":{"rendered":"Afin de concevoir et mettre en place une solution unique pour votre entreprise, Bouassida &amp; Associes\u00a0a nou\u00e9 des partenariats avec des soci\u00e9t\u00e9s renomm\u00e9es en mati\u00e8re de conseil et de pilotage des performances. Tableau Software, leader mondial en logiciels d\u2019analyse d\u2019entreprise rapides et simples \u00e0 utiliser. Consid\u00e9r\u00e9e par Gartner comme l\u2019entreprise d\u2019informatique d\u00e9cisionnelle qui conna\u00eet la [...]","protected":false},"author":1,"featured_media":0,"parent":0,"menu_order":0,"comment_status":"closed","ping_status":"closed","template":"","meta":[],"_links":{"self":[{"href":"http:\/\/bouassida-associates.com\/index.php?rest_route=\/wp\/v2\/pages\/926"}],"collection":[{"href":"http:\/\/bouassida-associates.com\/index.php?rest_route=\/wp\/v2\/pages"}],"about":[{"href":"http:\/\/bouassida-associates.com\/index.php?rest_route=\/wp\/v2\/types\/page"}],"author":[{"embeddable":true,"href":"http:\/\/bouassida-associates.com\/index.php?rest_route=\/wp\/v2\/users\/1"}],"replies":[{"embeddable":true,"href":"http:\/\/bouassida-associates.com\/index.php?rest_route=%2Fwp%2Fv2%2Fcomments&post=926"}],"version-history":[{"count":13,"href":"http:\/\/bouassida-associates.com\/index.php?rest_route=\/wp\/v2\/pages\/926\/revisions"}],"predecessor-version":[{"id":988,"href":"http:\/\/bouassida-associates.com\/index.php?rest_route=\/wp\/v2\/pages\/926\/revisions\/988"}],"wp:attachment":[{"href":"http:\/\/bouassida-associates.com\/index.php?rest_route=%2Fwp%2Fv2%2Fmedia&parent=926"}],"curies":[{"name":"wp","href":"https:\/\/api.w.org\/{rel}","templated":true}]}}